{"id":474,"date":"2025-08-31T09:37:07","date_gmt":"2025-08-31T07:37:07","guid":{"rendered":"https:\/\/goforbundet.se\/sgf\/?page_id=474"},"modified":"2025-08-31T09:38:04","modified_gmt":"2025-08-31T07:38:04","slug":"arkiv","status":"publish","type":"page","link":"https:\/\/goforbundet.se\/sgf\/index.php\/om-forbundet\/arkiv\/","title":{"rendered":"Arkiv"},"content":{"rendered":"<p>F\u00f6rbundet arbetar\u00a0f\u00f6r att all relevant information ska finnas tillg\u00e4nglig p\u00e5 goforbundet.se. Hemsidan fyller s\u00e5 \u00e4ven rollen som arkiv, b\u00e5de f\u00f6r gammalt pappersmaterial som p\u00e5 sikt skall scannas in, men \u00e4ven f\u00f6r information fr\u00e5n f\u00f6rbundets tidigare hemsidor.\u00a0N\u00e5gra gamla\u00a0sidor har bevarats p\u00e5 servern men \u00e4nnu inte integrerats helt i den nya systemet:<\/p>\n<ul>\n<li><a href=\"https:\/\/forum.goforbundet.se\/\">F\u00f6rbundets forum<\/a>, som nu \u00e4r vilande d\u00e5 diskussioner ist\u00e4llet sker p\u00e5 discord eller facebook<\/li>\n<li><a href=\"http:\/\/goforbundet.se\/arkiv\/glossary\">P-A Lunds japansk-svensk-engelska ordlista med gotermer<\/a><\/li>\n<li>Sidan f\u00f6r\u00a0<a href=\"http:\/\/goforbundet.se\/egc2008\">EGC i Leksand 2008<\/a>. Fr\u00e5n EGC i Leksand finns ocks\u00e5 grafiskt material sparat som zip-fil som g\u00e5r att n\u00e5 h\u00e4r: <a href=\"https:\/\/goforbundet.se\/sgf\/wp-content\/uploads\/2025\/08\/Grafik_EM2008_Leksand.zip\">Grafik_EM2008_Leksand.<\/a><\/li>\n<\/ul>\n<h2>Nordiskt Go-blad<\/h2>\n<p>Svenska go-spelare har l\u00e4nge varit involverade i att sprida nyheter om go i Sverige och i Norden. Tidskriften\u00a0<em>Svenska Go-Tidningen<\/em>\u00a0b\u00f6rjade ges ut (senast) 1987. I andra numret 1993 s\u00e5 bytte tidskriften namn till\u00a0<em>Svensk Go Tidning.<\/em>\u00a0Ett samarbete med Norge resulterade i att tidningen \u00e5r 1997 bytte namn till\u00a0<em>Svensk-Norsk Go Blad<\/em>\u00a0och utgivningen fortsatte d\u00e4refter under detta namn fram till och med \u00e5r 2001. Fr\u00e5n och med 2002 s\u00e5 bidrog \u00e4ven Finland och Danmark till tidskriften och den bytte \u00e5ter namn, nu till\u00a0<em>Nordisk GoBlad<\/em>. Under detta namn gavs tidskriften ut t.o.m \u00e5r 2008. Fr\u00e5n och med \u00e5r 2009 skedde en mindre justering av namnet och tiskriften heter nu\u00a0<em>Nordiskt go-blad<\/em>.<\/p>\n<p>Tyv\u00e4rr har vi endast ett nummer fr\u00e5n 2009 och utgivningen verkar d\u00e4refter ha avstannat. Om du vill engagera dig i tidskriften eller vill komplettera texten ovan eller v\u00e5rt arkiv av utgivna nummer nedan &#8211; h\u00f6r av dig till styrelsen f\u00f6r Svenska Gof\u00f6rbundet genom styrelsen@goforbundet.se.<\/p>\n<h3>Tidigare nummer f\u00f6r nedladdning<\/h3>\n<p>Nedan f\u00f6ljer en lista med nummer av Nordiskt go-blad (och dess tidigare namn) som vi lyckats hitta och arkivera h\u00e4r online.<\/p>\n<p>1987: <a href=\"https:\/\/goforbundet.se\/sgf\/wp-content\/uploads\/2025\/08\/Svenska_Go_Tidningen_1987_1.pdf\">Svenska_Go_Tidningen_1987_1<\/a><\/p>\n<p>1988: <a href=\"https:\/\/goforbundet.se\/sgf\/wp-content\/uploads\/2025\/08\/Svenska_Go_Tidningen_1988_1.pdf\">Svenska_Go_Tidningen_1988_1<\/a><\/p>\n<p>1989: <a href=\"https:\/\/goforbundet.se\/sgf\/wp-content\/uploads\/2025\/08\/SVENSKA_Go-tidningen_1989_1.pdf\">SVENSKA_Go-tidningen_1989_1<\/a> <a href=\"https:\/\/goforbundet.se\/sgf\/wp-content\/uploads\/2025\/08\/SVENSKA_Go-tidningen_1989_2.pdf\">SVENSKA_Go-tidningen_1989_2<\/a><\/p>\n<p>1990: <a href=\"https:\/\/goforbundet.se\/sgf\/wp-content\/uploads\/2025\/08\/SVENSKA_Go-tidningen_1990_1.pdf\">SVENSKA_Go-tidningen_1990_1<\/a> <a href=\"https:\/\/goforbundet.se\/sgf\/wp-content\/uploads\/2025\/08\/SVENSKA_Go-tidningen_1990_2.pdf\">SVENSKA_Go-tidningen_1990_2<\/a> <a href=\"https:\/\/goforbundet.se\/sgf\/wp-content\/uploads\/2025\/08\/Svenska_Go-tidningen_1990_3.pdf\">Svenska_Go-tidningen_1990_3<\/a><\/p>\n<p>1991: <a href=\"https:\/\/goforbundet.se\/sgf\/wp-content\/uploads\/2025\/08\/Sveriges_Go-tidning_1991_1.pdf\">Sveriges_Go-tidning_1991_1<\/a> <a href=\"https:\/\/goforbundet.se\/sgf\/wp-content\/uploads\/2025\/08\/Svenska_GO_Tidningen_1991_2.pdf\">Svenska_GO_Tidningen_1991_2<\/a><\/p>\n<p>1992: <a href=\"https:\/\/goforbundet.se\/sgf\/wp-content\/uploads\/2025\/08\/Svenska_GO_Tidningen_1992_1.pdf\">Svenska_GO_Tidningen_1992_1<\/a> <a href=\"https:\/\/goforbundet.se\/sgf\/wp-content\/uploads\/2025\/08\/Svenska_GO_Tidningen_1992_2.pdf\">Svenska_GO_Tidningen_1992_2<\/a> <a href=\"https:\/\/goforbundet.se\/sgf\/wp-content\/uploads\/2025\/08\/Svenska_GO_Tidningen_1992_3.pdf\">Svenska_GO_Tidningen_1992_3<\/a><\/p>\n<p>1993: <a href=\"https:\/\/goforbundet.se\/sgf\/wp-content\/uploads\/2025\/08\/Svenska_GO_Tidningen_1993_1.pdf\">Svenska_GO_Tidningen_1993_1<\/a> <a href=\"https:\/\/goforbundet.se\/sgf\/wp-content\/uploads\/2025\/08\/Svensk_Go_Tidning_1993_2.pdf\">Svensk_Go_Tidning_1993_2<\/a><\/p>\n<p>1994: <a href=\"https:\/\/goforbundet.se\/sgf\/wp-content\/uploads\/2025\/08\/Svensk_Go_Tidning_1994_1.pdf\">Svensk_Go_Tidning_1994_1<\/a> <a style=\"font-size: 16px;\" href=\"https:\/\/goforbundet.se\/sgf\/wp-content\/uploads\/2025\/08\/Svensk_Go_Tidning_1994_2.pdf\">Svensk_Go_Tidning_1994_2<\/a><\/p>\n<p>1995: <a href=\"https:\/\/goforbundet.se\/sgf\/wp-content\/uploads\/2025\/08\/Svensk_Go_Tidning_1995_1.pdf\">Svensk_Go_Tidning_1995_1<\/a><\/p>\n<p>1996: <a href=\"https:\/\/goforbundet.se\/sgf\/wp-content\/uploads\/2025\/08\/Svensk_Go_Tidning_1996_1.pdf\">Svensk_Go_Tidning_1996_1<\/a> <a href=\"https:\/\/goforbundet.se\/sgf\/wp-content\/uploads\/2025\/08\/Svensk_Go_Tidning_1996_2.pdf\">Svensk_Go_Tidning_1996_2<\/a> <a href=\"https:\/\/goforbundet.se\/sgf\/wp-content\/uploads\/2025\/08\/Svensk_Go_Tidning_1996_3.pdf\">Svensk_Go_Tidning_1996_3<\/a><\/p>\n<p>1997: <a href=\"https:\/\/goforbundet.se\/sgf\/wp-content\/uploads\/2025\/08\/Svensk_Go_Tidning_1997_1.pdf\">Svensk_Go_Tidning_1997_1<\/a> <a href=\"https:\/\/goforbundet.se\/sgf\/wp-content\/uploads\/2025\/08\/Svensk_Go_Tidning_1997_2.pdf\">Svensk_Go_Tidning_1997_2<\/a> <a href=\"https:\/\/goforbundet.se\/sgf\/wp-content\/uploads\/2025\/08\/Svensk-Norsk_Go_Blad_1997_3.pdf\">Svensk-Norsk_Go_Blad_1997_3<\/a><\/p>\n<p>1998: <a href=\"https:\/\/goforbundet.se\/sgf\/wp-content\/uploads\/2025\/08\/Svensk-Norsk_Go_Blad_1998_1.pdf\">Svensk-Norsk_Go_Blad_1998_1<\/a> <a href=\"https:\/\/goforbundet.se\/sgf\/wp-content\/uploads\/2025\/08\/Svensk-Norsk_Go_Blad_1998_2.pdf\">Svensk-Norsk_Go_Blad_1998_2<\/a> <a href=\"https:\/\/goforbundet.se\/sgf\/wp-content\/uploads\/2025\/08\/Svensk-Norsk_Go_Blad_1998_3.pdf\">Svensk-Norsk_Go_Blad_1998_3<\/a> <a href=\"https:\/\/goforbundet.se\/sgf\/wp-content\/uploads\/2025\/08\/Svensk-Norsk_Go_Blad_1998_4.pdf\">Svensk-Norsk_Go_Blad_1998_4<\/a><\/p>\n<p>1999: <a href=\"https:\/\/goforbundet.se\/sgf\/wp-content\/uploads\/2025\/08\/Svensk-Norsk_Go_Blad_1999_1.pdf\">Svensk-Norsk_Go_Blad_1999_1<\/a> <a href=\"https:\/\/goforbundet.se\/sgf\/wp-content\/uploads\/2025\/08\/Svensk-Norsk_Go_Blad_1999_2.pdf\">Svensk-Norsk_Go_Blad_1999_2<\/a> <a href=\"https:\/\/goforbundet.se\/sgf\/wp-content\/uploads\/2025\/08\/Svensk-Norsk_Go_Blad_1999_3.pdf\">Svensk-Norsk_Go_Blad_1999_3<\/a><\/p>\n<p>2000: <a href=\"https:\/\/goforbundet.se\/sgf\/wp-content\/uploads\/2025\/08\/Svensk-Norsk_Go_Blad_2000_1.pdf\">Svensk-Norsk_Go_Blad_2000_1<\/a> <a href=\"https:\/\/goforbundet.se\/sgf\/wp-content\/uploads\/2025\/08\/Svensk-Norsk_Go_Blad_2000_2.pdf\">Svensk-Norsk_Go_Blad_2000_2<\/a><\/p>\n<p>2001: <a href=\"https:\/\/goforbundet.se\/sgf\/wp-content\/uploads\/2025\/08\/Svensk-Norsk_Go_Blad_2001_1.pdf\">Svensk-Norsk_Go_Blad_2001_1<\/a> <a href=\"https:\/\/goforbundet.se\/sgf\/wp-content\/uploads\/2025\/08\/Svensk-Norsk_Go_Blad_2001_2.pdf\">Svensk-Norsk_Go_Blad_2001_2<\/a> <a href=\"https:\/\/goforbundet.se\/sgf\/wp-content\/uploads\/2025\/08\/Svensk-Norsk_Go_Blad_2001_3.pdf\">Svensk-Norsk_Go_Blad_2001_3<\/a><\/p>\n<p>2002: <a href=\"https:\/\/goforbundet.se\/sgf\/wp-content\/uploads\/2025\/08\/Nordisk_GoBlad_2002_1.pdf\">Nordisk_GoBlad_2002_1<\/a> <a href=\"https:\/\/goforbundet.se\/sgf\/wp-content\/uploads\/2025\/08\/Nordisk_GoBlad_2002_2.pdf\">Nordisk_GoBlad_2002_2<\/a> <a href=\"https:\/\/goforbundet.se\/sgf\/wp-content\/uploads\/2025\/08\/Nordisk_GoBlad_2002_3.pdf\">Nordisk_GoBlad_2002_3<\/a><\/p>\n<p>2003: <a href=\"https:\/\/goforbundet.se\/sgf\/wp-content\/uploads\/2025\/08\/Nordisk_GoBlad_2003_1.pdf\">Nordisk_GoBlad_2003_1<\/a> <a href=\"https:\/\/goforbundet.se\/sgf\/wp-content\/uploads\/2025\/08\/Nordisk_GoBlad_2003_2.pdf\">Nordisk_GoBlad_2003_2<\/a> <a href=\"https:\/\/goforbundet.se\/sgf\/wp-content\/uploads\/2025\/08\/Nordisk_GoBlad_2003_3.pdf\">Nordisk_GoBlad_2003_3<\/a><\/p>\n<p>2004: <a href=\"https:\/\/goforbundet.se\/sgf\/wp-content\/uploads\/2025\/08\/Nordisk_GoBlad_2004_1.pdf\">Nordisk_GoBlad_2004_1<\/a> <a href=\"https:\/\/goforbundet.se\/sgf\/wp-content\/uploads\/2025\/08\/Nordisk_GoBlad_2004_2.pdf\">Nordisk_GoBlad_2004_2<\/a> <a href=\"https:\/\/goforbundet.se\/sgf\/wp-content\/uploads\/2025\/08\/Nordisk_GoBlad_2004_3.pdf\">Nordisk_GoBlad_2004_3<\/a><\/p>\n<p>2005: <a href=\"https:\/\/goforbundet.se\/sgf\/wp-content\/uploads\/2025\/08\/Nordisk_GoBlad_2005_1.pdf\">Nordisk_GoBlad_2005_1<\/a> <a href=\"https:\/\/goforbundet.se\/sgf\/wp-content\/uploads\/2025\/08\/Nordisk_GoBlad_2005_2.pdf\">Nordisk_GoBlad_2005_2<\/a> <a href=\"https:\/\/goforbundet.se\/sgf\/wp-content\/uploads\/2025\/08\/Nordisk_GoBlad_2005_3.pdf\">Nordisk_GoBlad_2005_3<\/a><\/p>\n<p>2006: <a href=\"https:\/\/goforbundet.se\/sgf\/wp-content\/uploads\/2025\/08\/Nordisk_GoBlad_2006_1.pdf\">Nordisk_GoBlad_2006_1<\/a> <a href=\"https:\/\/goforbundet.se\/sgf\/wp-content\/uploads\/2025\/08\/Nordisk_GoBlad_2006_2.pdf\">Nordisk_GoBlad_2006_2<\/a> <a href=\"https:\/\/goforbundet.se\/sgf\/wp-content\/uploads\/2025\/08\/Nordisk_GoBlad_2006_3.pdf\">Nordisk_GoBlad_2006_3<\/a><\/p>\n<p>2007: <a href=\"https:\/\/goforbundet.se\/sgf\/wp-content\/uploads\/2025\/08\/Nordisk_GoBlad_2007_1.pdf\">Nordisk_GoBlad_2007_1<\/a> <a href=\"https:\/\/goforbundet.se\/sgf\/wp-content\/uploads\/2025\/08\/Nordisk_GoBlad_2007_2.pdf\">Nordisk_GoBlad_2007_2<\/a> <a href=\"https:\/\/goforbundet.se\/sgf\/wp-content\/uploads\/2025\/08\/Nordisk_GoBlad_2007_3.pdf\">Nordisk_GoBlad_2007_3<\/a><\/p>\n<p>2008: <a href=\"https:\/\/goforbundet.se\/sgf\/wp-content\/uploads\/2025\/08\/Nordisk_GoBlad_2008_1.pdf\">Nordisk_GoBlad_2008_1<\/a> <a href=\"https:\/\/goforbundet.se\/sgf\/wp-content\/uploads\/2025\/08\/Nordisk_GoBlad_2008_2.pdf\">Nordisk_GoBlad_2008_2<\/a><\/p>\n<p>2009: <a href=\"https:\/\/goforbundet.se\/sgf\/wp-content\/uploads\/2025\/08\/Nordiskt_go-blad_2009_01.pdf\">Nordiskt_go-blad_2009_01<\/a><\/p>\n","protected":false},"excerpt":{"rendered":"<p>F\u00f6rbundet arbetar\u00a0f\u00f6r att all relevant information ska finnas tillg\u00e4nglig p\u00e5 goforbundet.se. Hemsidan fyller s\u00e5 \u00e4ven rollen som arkiv, b\u00e5de f\u00f6r [&hellip;]<\/p>\n","protected":false},"author":1,"featured_media":0,"parent":43,"menu_order":0,"comment_status":"closed","ping_status":"closed","template":"","meta":{"site-sidebar-layout":"default","site-content-layout":"","ast-site-content-layout":"default","site-content-style":"default","site-sidebar-style":"default","ast-global-header-display":"","ast-banner-title-visibility":"","ast-main-header-display":"","ast-hfb-above-header-display":"","ast-hfb-below-header-display":"","ast-hfb-mobile-header-display":"","site-post-title":"","ast-breadcrumbs-content":"","ast-featured-img":"","footer-sml-layout":"","ast-disable-related-posts":"","theme-transparent-header-meta":"default","adv-header-id-meta":"","stick-header-meta":"","header-above-stick-meta":"","header-main-stick-meta":"","header-below-stick-meta":"","astra-migrate-meta-layouts":"set","ast-page-background-enabled":"default","ast-page-background-meta":{"desktop":{"background-color":"var(--ast-global-color-5)","background-image":"","background-repeat":"repeat","background-position":"center center","background-size":"auto","background-attachment":"scroll","background-type":"","background-media":"","overlay-type":"","overlay-color":"","overlay-opacity":"","overlay-gradient":""},"tablet":{"background-color":"","background-image":"","background-repeat":"repeat","background-position":"center center","background-size":"auto","background-attachment":"scroll","background-type":"","background-media":"","overlay-type":"","overlay-color":"","overlay-opacity":"","overlay-gradient":""},"mobile":{"background-color":"","background-image":"","background-repeat":"repeat","background-position":"center center","background-size":"auto","background-attachment":"scroll","background-type":"","background-media":"","overlay-type":"","overlay-color":"","overlay-opacity":"","overlay-gradient":""}},"ast-content-background-meta":{"desktop":{"background-color":"var(--ast-global-color-4)","background-image":"","background-repeat":"repeat","background-position":"center center","background-size":"auto","background-attachment":"scroll","background-type":"","background-media":"","overlay-type":"","overlay-color":"","overlay-opacity":"","overlay-gradient":""},"tablet":{"background-color":"var(--ast-global-color-4)","background-image":"","background-repeat":"repeat","background-position":"center center","background-size":"auto","background-attachment":"scroll","background-type":"","background-media":"","overlay-type":"","overlay-color":"","overlay-opacity":"","overlay-gradient":""},"mobile":{"background-color":"var(--ast-global-color-4)","background-image":"","background-repeat":"repeat","background-position":"center center","background-size":"auto","background-attachment":"scroll","background-type":"","background-media":"","overlay-type":"","overlay-color":"","overlay-opacity":"","overlay-gradient":""}},"footnotes":""},"class_list":["post-474","page","type-page","status-publish","hentry"],"_links":{"self":[{"href":"https:\/\/goforbundet.se\/sgf\/index.php\/wp-json\/wp\/v2\/pages\/474","targetHints":{"allow":["GET"]}}],"collection":[{"href":"https:\/\/goforbundet.se\/sgf\/index.php\/wp-json\/wp\/v2\/pages"}],"about":[{"href":"https:\/\/goforbundet.se\/sgf\/index.php\/wp-json\/wp\/v2\/types\/page"}],"author":[{"embeddable":true,"href":"https:\/\/goforbundet.se\/sgf\/index.php\/wp-json\/wp\/v2\/users\/1"}],"replies":[{"embeddable":true,"href":"https:\/\/goforbundet.se\/sgf\/index.php\/wp-json\/wp\/v2\/comments?post=474"}],"version-history":[{"count":2,"href":"https:\/\/goforbundet.se\/sgf\/index.php\/wp-json\/wp\/v2\/pages\/474\/revisions"}],"predecessor-version":[{"id":534,"href":"https:\/\/goforbundet.se\/sgf\/index.php\/wp-json\/wp\/v2\/pages\/474\/revisions\/534"}],"up":[{"embeddable":true,"href":"https:\/\/goforbundet.se\/sgf\/index.php\/wp-json\/wp\/v2\/pages\/43"}],"wp:attachment":[{"href":"https:\/\/goforbundet.se\/sgf\/index.php\/wp-json\/wp\/v2\/media?parent=474"}],"curies":[{"name":"wp","href":"https:\/\/api.w.org\/{rel}","templated":true}]}}