{"id":571,"date":"2025-08-31T10:23:50","date_gmt":"2025-08-31T08:23:50","guid":{"rendered":"https:\/\/goforbundet.se\/sgf\/?page_id=571"},"modified":"2025-08-31T10:23:50","modified_gmt":"2025-08-31T08:23:50","slug":"spela-online-eller-mot-datorn","status":"publish","type":"page","link":"https:\/\/goforbundet.se\/sgf\/index.php\/go-i-sverige\/spela-online-eller-mot-datorn\/","title":{"rendered":"Spela online eller mot datorn"},"content":{"rendered":"<p><img loading=\"lazy\" decoding=\"async\" class=\" wp-image-572 alignleft\" src=\"https:\/\/goforbundet.se\/sgf\/wp-content\/uploads\/2025\/08\/ogs.png\" alt=\"\" width=\"307\" height=\"319\" srcset=\"https:\/\/goforbundet.se\/sgf\/wp-content\/uploads\/2025\/08\/ogs.png 578w, https:\/\/goforbundet.se\/sgf\/wp-content\/uploads\/2025\/08\/ogs-289x300.png 289w\" sizes=\"auto, (max-width: 307px) 100vw, 307px\" \/>Idag finns m\u00e5nga m\u00f6jligheter att spela mot andra m\u00e4nniskor online, eller mot datorprogram. M\u00e5nga appar som g\u00e5r att hitta via mobilen har en inbyggd datorspelare kapabel att ge de flesta nyb\u00f6rjare en tuff utmaning. Go var l\u00e4nge ett spel d\u00e4r datorer inte hade en chans mot de b\u00e4sta m\u00e4nskliga spelarna. Men sedan genombrottet \u00e5r 2015, d\u00e5\u00a0<a href=\"https:\/\/en.wikipedia.org\/wiki\/AlphaGo\">AlphaGo<\/a>\u00a0vann mot Fan Hui 2p, s\u00e5 finns nu en rad olika program som spelar p\u00e5 en mycket h\u00f6g niv\u00e5.<\/p>\n<p>Det enklaste st\u00e4llet att spela online \u00e4r nog hemsidan\u00a0<a href=\"https:\/\/online-go.com\/\">online-go.com<\/a>\u00a0(\u00e4ven kallat OGS) d\u00e4r du kan spela mot b\u00e5de m\u00e4nniskor och datorer. D\u00e4r finns dessutom andra resurser f\u00f6r att utvecklas som go-spelare. Du kan spela m\u00e5nga olika former av go\u00a0till exempel korrespondensgo, Fischer-tid eller simultana partier. Det finns \u00e4ven ett svenskt chattrum som du hittar i listan till v\u00e4nster n\u00e4r du valt &#8221;Chat&#8221;. OGS rekommenderas varmt av Gof\u00f6rbundet! Andra mer eller mindre vanliga st\u00e4llen att spela go online \u00e4r\u00a0<a href=\"https:\/\/senseis.xmp.net\/?GoServer\">Fox, KGS, Tygem m.fl<\/a>.<\/p>\n<p>Bild: Ett parti p\u00e5 OGS.<\/p>\n","protected":false},"excerpt":{"rendered":"<p>Idag finns m\u00e5nga m\u00f6jligheter att spela mot andra m\u00e4nniskor online, eller mot datorprogram. M\u00e5nga appar som g\u00e5r att hitta via [&hellip;]<\/p>\n","protected":false},"author":1,"featured_media":0,"parent":41,"menu_order":0,"comment_status":"closed","ping_status":"closed","template":"","meta":{"site-sidebar-layout":"default","site-content-layout":"","ast-site-content-layout":"default","site-content-style":"default","site-sidebar-style":"default","ast-global-header-display":"","ast-banner-title-visibility":"","ast-main-header-display":"","ast-hfb-above-header-display":"","ast-hfb-below-header-display":"","ast-hfb-mobile-header-display":"","site-post-title":"","ast-breadcrumbs-content":"","ast-featured-img":"","footer-sml-layout":"","ast-disable-related-posts":"","theme-transparent-header-meta":"default","adv-header-id-meta":"","stick-header-meta":"","header-above-stick-meta":"","header-main-stick-meta":"","header-below-stick-meta":"","astra-migrate-meta-layouts":"set","ast-page-background-enabled":"default","ast-page-background-meta":{"desktop":{"background-color":"var(--ast-global-color-5)","background-image":"","background-repeat":"repeat","background-position":"center center","background-size":"auto","background-attachment":"scroll","background-type":"","background-media":"","overlay-type":"","overlay-color":"","overlay-opacity":"","overlay-gradient":""},"tablet":{"background-color":"","background-image":"","background-repeat":"repeat","background-position":"center center","background-size":"auto","background-attachment":"scroll","background-type":"","background-media":"","overlay-type":"","overlay-color":"","overlay-opacity":"","overlay-gradient":""},"mobile":{"background-color":"","background-image":"","background-repeat":"repeat","background-position":"center center","background-size":"auto","background-attachment":"scroll","background-type":"","background-media":"","overlay-type":"","overlay-color":"","overlay-opacity":"","overlay-gradient":""}},"ast-content-background-meta":{"desktop":{"background-color":"var(--ast-global-color-4)","background-image":"","background-repeat":"repeat","background-position":"center center","background-size":"auto","background-attachment":"scroll","background-type":"","background-media":"","overlay-type":"","overlay-color":"","overlay-opacity":"","overlay-gradient":""},"tablet":{"background-color":"var(--ast-global-color-4)","background-image":"","background-repeat":"repeat","background-position":"center center","background-size":"auto","background-attachment":"scroll","background-type":"","background-media":"","overlay-type":"","overlay-color":"","overlay-opacity":"","overlay-gradient":""},"mobile":{"background-color":"var(--ast-global-color-4)","background-image":"","background-repeat":"repeat","background-position":"center center","background-size":"auto","background-attachment":"scroll","background-type":"","background-media":"","overlay-type":"","overlay-color":"","overlay-opacity":"","overlay-gradient":""}},"footnotes":""},"class_list":["post-571","page","type-page","status-publish","hentry"],"_links":{"self":[{"href":"https:\/\/goforbundet.se\/sgf\/index.php\/wp-json\/wp\/v2\/pages\/571","targetHints":{"allow":["GET"]}}],"collection":[{"href":"https:\/\/goforbundet.se\/sgf\/index.php\/wp-json\/wp\/v2\/pages"}],"about":[{"href":"https:\/\/goforbundet.se\/sgf\/index.php\/wp-json\/wp\/v2\/types\/page"}],"author":[{"embeddable":true,"href":"https:\/\/goforbundet.se\/sgf\/index.php\/wp-json\/wp\/v2\/users\/1"}],"replies":[{"embeddable":true,"href":"https:\/\/goforbundet.se\/sgf\/index.php\/wp-json\/wp\/v2\/comments?post=571"}],"version-history":[{"count":1,"href":"https:\/\/goforbundet.se\/sgf\/index.php\/wp-json\/wp\/v2\/pages\/571\/revisions"}],"predecessor-version":[{"id":573,"href":"https:\/\/goforbundet.se\/sgf\/index.php\/wp-json\/wp\/v2\/pages\/571\/revisions\/573"}],"up":[{"embeddable":true,"href":"https:\/\/goforbundet.se\/sgf\/index.php\/wp-json\/wp\/v2\/pages\/41"}],"wp:attachment":[{"href":"https:\/\/goforbundet.se\/sgf\/index.php\/wp-json\/wp\/v2\/media?parent=571"}],"curies":[{"name":"wp","href":"https:\/\/api.w.org\/{rel}","templated":true}]}}